Suppose -237 = -b + 68. Let j = b + -212. Suppose -5*p + j = -67. What are the prime factors of p?
2
Let f(m) = -46*m + 210. Suppose 28 = -2*q - 0*q. List the prime factors of f(q).
2, 7, 61
Let r(u) = u**3 + 21*u**2 - 5*u - 14. What are the prime factors of r(9)?
2371
Let k(i) = -i**3 + 7*i**2 + i - 5. Let x be k(7). Let s(w) = 14*w + 25. Let u be s(6). Suppose x*z - u - 51 = 0. List the prime factors of z.
2, 5
Suppose 15 + 45 = -6*v. Let l(w) = -w**3 - 6*w**2 - w - 34. List the prime factors of l(v).
2, 47
Let g = 1933 + 101. Suppose -3*o + 31*f + g = 26*f, -5*o - 4*f = -3390. What are the prime factors of o?
2, 3, 113
Let y be (4698/10)/(-3) - (-9)/15. What are the prime factors of (-7 + y/(-20))/((-2)/(-1115))?
2, 223
Let f(h) = 7*h + 8*h + 43 + 8*h**2 + 8*h - 26*h. What are the prime factors of f(5)?
2, 3, 19
Suppose -310*d + 33*d = -9304707. List the prime factors of d.
3, 11197
Let o be -4*6/14*(-49)/28. Suppose o*q - 95 = -2*t, 3*t - 1 = -16. What are the prime factors of q?
5, 7
Let j be (945/14)/(-9)*(-56)/10. Let k = 69 - j. What are the prime factors of k?
3
Let r(n) = -5*n + 29. Let h(x) be the second derivative of x**3/2 - 15*x**2/2 + 7*x. Let b(w) = 9*h(w) + 4*r(w). List the prime factors of b(10).
3, 17
Suppose -f = -3*j + 35923 + 700, 4*f - 12186 = -j. What are the prime factors of j?
2, 17, 359
Let m(i) = 2*i**2 - 8*i - 5. Let u(q) = -q**2 + 4*q - 8. Let x be u(6). Let n be 4*x/(-16)*-1. What are the prime factors of m(n)?
5, 17
Suppose z - 14973 = -2*i, -4*i - 1202 = -2*z - 31136. List the prime factors of i.
3, 5, 499
List the prime factors of (-3)/15 + (-1595)/275 + (7349 - 0).
7, 1049
Let a be ((-51)/68)/(1/(-172)). Let d = 317 - a. List the prime factors of d.
2, 47
Let l = 35481 + -8672. What are the prime factors of l?
17, 19, 83
What are the prime factors of (14/(-4) - -1)/(211/(-4360526))?
5, 10333
Let a(v) be the first derivative of -v**3/3 + 13*v**2/2 - 19*v - 12. Let i be a(11). Suppose -4*r + i*r + 44 = 0. List the prime factors of r.
2, 11
Suppose 10 = 3*k + 19. What are the prime factors of ((-36)/(-3))/k - -304?
2, 3, 5
Let x be (-40)/(-12)*(-30)/25 - -86. List the prime factors of 1 - 123/x*(-348)/2.
2, 131
Let s(w) = 44*w**2 + 12*w - 304. What are the prime factors of s(-17)?
2, 7, 109
Let i(g) = -g**3 + 14*g**2 + 10*g + 12. Let w be i(10). Let u = 4 - 4. Suppose u = -4*o + 8*o - w. List the prime factors of o.
2
Let r(l) = 71*l**2 - 5*l - 6. Let o(b) = -2*b - 4. Suppose 9*i - 21 = -30. Let f be o(i). What are the prime factors of r(f)?
2, 3
Suppose 0 = 7*s + 94 - 1522. Let k = s + -55. Let t = k - 89. List the prime factors of t.
2, 3, 5
Let a = 1910 - 1069. Let w = a + 595. What are the prime factors of w?
2, 359
Suppose -81*a = -80*a - 5. Suppose 0 = a*g - 494 - 561. List the prime factors of g.
211
Let h(n) = -3*n**2 - 4*n - 5. Let r be h(-3). Let u be (-4*(-3)/30)/((-4)/r). Suppose 2*g = u, 3*g = -k + 17 + 20. What are the prime factors of k?
2, 17
Let z(o) = -o**2 - 2*o + 3. Let p be z(0). Let j be (0/p)/(2 + -8 + 4). What are the prime factors of 1 - ((j + 4 - 4) + -73)?
2, 37
Suppose 13*q - 65 = -0*q. Suppose q*x - 4065 = -5*l, 0 = -3*l - 2*l - 3*x + 4061. List the prime factors of l.
811
Let i = 0 + -27. Let y = i + 20. List the prime factors of 15 - (-4 - y - 5).
17
Let h(x) = -2*x + 129. Let f = -7 - -7. Let a be h(f). Suppose -9*v + 12*v - a = 0. What are the prime factors of v?
43
Let h be (-2 - -1) + (6 + 2 - 2). Suppose h*z = 6*z + z. Suppose 2*u - 3 - 1 = z, 2*u = -5*v + 159. What are the prime factors of v?
31
Suppose -18 = -2*u - 4*u. Suppose a = -3*a + u*w + 392, -4*a - 2*w + 392 = 0. Let t = a + 25. List the prime factors of t.
3, 41
Let w be (16/(-56))/((-2)/70). Suppose -32*u + 27874 = -w*u. What are the prime factors of u?
7, 181
Let k(q) = 2*q**3 - 7*q**2 - 92*q + 32. What are the prime factors of k(20)?
2, 89
Suppose -2*a + 25191 = 5*n, -7 + 4 = -3*n. List the prime factors of a.
7, 257
Suppose -6*u - 4082 = -19532. Suppose -14*d + 9*d = -u. What are the prime factors of d?
5, 103
Suppose -5*w + 2692 = -8398. Suppose -3*i + 1666 = z, -w = -6*i + 2*i - 2*z. List the prime factors of i.
557
Suppose 51*x + 36*x - 129*x + 356118 = 0. List the prime factors of x.
61, 139
Let i be 5 + (-13 - -5) - -4561. Suppose 0 = -10*h + 14*h - 5*t - i, 0 = 2*h + 3*t - 2290. What are the prime factors of h?
2, 571
Let p = 2102 - 232. Suppose k - p = -k. What are the prime factors of k?
5, 11, 17
Let m(q) = -11*q + 271. Let k be m(25). Let i(o) be the second derivative of -o**5/10 - o**4/2 - o**3 - 3*o**2 - 3*o. List the prime factors of i(k).
2, 5
Let d = 92 + -98. Let w be d/((-54)/1149)*3. Suppose -6*o + 391 = -w. List the prime factors of o.
3, 43
Suppose 0 = 3*h - 6*h - 9. Let l be -4 - h - 2 - -9*8. Suppose 6*k - l = 111. What are the prime factors of k?
2, 3, 5
Let u = 818 - 172. Let k = u + -550. What are the prime factors of k?
2, 3
Let t = -16099 - -25648. What are the prime factors of t?
3, 1061
Let z(o) = -3*o + 47. Let y(c) = -c + 24. Let p(l) = -5*y(l) + 3*z(l). Let s(u) = -3*u + 20. Let b(x) = -5*p(x) + 6*s(x). What are the prime factors of b(6)?
3
Let z = -99 - -29. Let j = 73 + z. List the prime factors of j.
3
Suppose -95*l = -96*l - 4. What are the prime factors of (3 + l)/(1 + 0) - -187?
2, 3, 31
Let n(r) = 2*r**3 - 15*r**2 + 4*r - 18. Let c be n(12). What are the prime factors of (3 + c/(-6))*(-9)/6?
3, 109
Let a(q) = -2*q**2 - 6*q + 4. Let o be a(-3). Suppose o*c = -7*c + 825. List the prime factors of c.
3, 5
Suppose 12*f - 7042 = 4250. Let k = -328 + f. What are the prime factors of k?
613
Suppose -3*i - 2113 = j, 3*i - 7*j + 3*j + 2093 = 0. Let d = 1126 + i. What are the prime factors of d?
3, 47
Suppose -85*i - 2*i = 43*i - 2704390. What are the prime factors of i?
71, 293
Suppose 11*o - 75999 = 36531. What are the prime factors of o?
2, 3, 5, 11, 31
Suppose -2*t = -3*p - 7, -t - 2*p - 2*p + 31 = 0. Suppose -2*l - m = -t, -m - 2 = -4*l + m. List the prime factors of ((-110)/(-3))/(1/l).
2, 5, 11
Let q = -126 + 122. Let m be ((-2)/q)/((-3)/954). Let p = -41 - m. List the prime factors of p.
2, 59
Suppose -4 = -f - c, -f + 4 = -4*c + c. Let i be (19/2 - 6)/(1/f). Suppose 3*p - h = 67 - i, 40 = 2*p - 3*h. List the prime factors of p.
17
Let o(u) = u + 12. Let n be o(-8). Suppose 0 = 3*h - 2*c - 383, -3*h - h + n*c + 508 = 0. What are the prime factors of h?
3, 43
Let a(f) = 52*f**3 + 3*f**2 + 11*f - 23. What are the prime factors of a(2)?
7, 61
What are the prime factors of ((-20)/6)/(((-325)/144066)/25)?
2, 5, 1847
Let j = -2095 - -9983. List the prime factors of j.
2, 17, 29
Suppose o + 4*o - 20 = 0. Let k be o/1 + 15/3. What are the prime factors of 53 - (1 - k)/(-2)?
7
Suppose 3*o + 9 = 4*t, 12*o = 2*t + 15*o + 9. Suppose 2*i - i + 1265 = 2*v, t = -4*v - i + 2527. List the prime factors of v.
2, 79
Suppose -2*v + 5*m = -126, 0*m + 168 = 3*v + 3*m. Let w(n) = n**3 - 33*n**2 + 18. Let t be w(33). Suppose v = 5*i + t. List the prime factors of i.
2
List the prime factors of (-1078)/(-147) + ((-8)/6 - -1) + 3592.
59, 61
Let d = 259 + -23. Let r = d + 130. Suppose -3*x - 123 + r = 0. What are the prime factors of x?
3
Let s(o) = -2 - 51 - 10 + 55*o + 6. What are the prime factors of s(13)?
2, 7, 47
Let a be (0 - (-4)/(-2))/(-3 - -5). Let u(i) = -i + 1. Let n(y) = 25*y - 15. Let m(o) = a*n(o) - 6*u(o). List the prime factors of m(-5).
2, 13
Let u(i) = -3*i - 32. Let c be u(-10). Let l be 1/((-1)/c) + -2. Suppose -5*s - 2*s + 14 = l. What are the prime factors of s?
2
Let s(g) = -g**2 - 16*g + 20. Let n be s(-17). Let p = -3 + n. Let k(h) = h**2 + 2*h + 46. List the prime factors of k(p).
2, 23
What are the prime factors of 13 + 0 - (-44644 + -57 + 22)?
2, 11173
Let y(v) = -19*v**3 + 17*v**2 + 78*v + 16. List the prime factors of y(-8).
2, 11, 29
Suppose 0*w = -3*w - 3*m + 15, 0 = -2*w - 4*m + 6. Let z be 4*(w/(-2) + 1). What are the prime factors of (-5)/z*4 - -7?
3
What are the prime factors of (7 - 2 - (-2 + 0)) + -85 + 21487?
79, 271
Let m(t) = 7 + t**3 - 7*t**2 - 3 - 3*t + 0 - 5. Let u be m(7). What are the prime factors of (-1698)/u + ((-228)/44 - -5)?
7, 11
Let b = -1855 - -2506. What are the prime factors of b?
3, 7, 31
Let m(u) = 566*u + 3784. List the prime factors of 